 remainder when 76467 is divided by 1962.
1911
Calculate the remainder when 166971 is divided by 1091.
48
What is the remainder when 89175 is divided by 1129?
1113
Calculate the remainder when 74062 is divided by 67.
27
Calculate the remainder when 17040 is divided by 13.
10
Calculate the remainder when 603 is divided by 542.
61
Calculate the remainder when 665 is divided by 48.
41
Calculate the remainder when 9003 is divided by 53.
46
What is the remainder when 85644 is divided by 70?
34
What is the remainder when 47722 is divided by 23855?
12
What is the remainder when 3174 is divided by 235?
119
Calculate the remainder when 738099 is divided by 61.
60
What is the remainder when 593817 is divided by 18?
15
What is the remainder when 1034 is divided by 36?
26
Calculate the remainder when 917250 is divided by 94.
92
What is the remainder when 52527 is divided by 50?
27
What is the remainder when 2007 is divided by 256?
215
Calculate the remainder when 16040 is divided by 3207.
5
Calculate the remainder when 36115 is divided by 9026.
11
What is the remainder when 1842 is divided by 367?
7
What is the remainder when 155543 is divided by 27?
23
What is the remainder when 45449 is divided by 45448?
1
Calculate the remainder when 2328 is divided by 406.
298
Calculate the remainder when 14860 is divided by 918.
172
What is the remainder when 42544 is divided by 235?
9
What is the remainder when 2323 is divided by 73?
60
Calculate the remainder when 191091 is divided by 5308.
3
What is the remainder when 13685 is divided by 50?
35
Calculate the remainder when 2479291 is divided by 227.
224
What is the remainder when 43316 is divided by 105?
56
What is the remainder when 45138 is divided by 38?
32
Calculate the remainder when 260254 is divided by 48.
46
Calculate the remainder when 617194 is divided by 61718.
14
What is the remainder when 47008 is divided by 322?
318
What is the remainder when 1793 is divided by 669?
455
What is the remainder when 11497 is divided by 11493?
4
Calculate the remainder when 2770 is divided by 346.
2
What is the remainder when 1948 is divided by 58?
34
What is the remainder when 79271 is divided by 108?
107
Calculate the remainder when 10558 is divided by 189.
163
Calculate the remainder when 94521 is divided by 44.
9
What is the remainder when 302765 is divided by 170?
165
What is the remainder when 163557 is divided by 1740?
1737
What is the remainder when 7517397 is divided by 1946?
1945
What is the remainder when 3859188 is divided by 8?
4
What is the remainder when 8492 is divided by 4243?
6
What is the remainder when 2494 is divided by 249?
4
What is the remainder when 590 is divided by 233?
124
Calculate the remainder when 501948 is divided by 10.
8
Calculate the remainder when 52841 is divided by 11.
8
Calculate the remainder when 2619 is divided by 104.
19
What is the remainder when 682 is divided by 387?
295
Calculate the remainder when 37554 is divided by 136.
18
Calculate the remainder when 12159 is divided by 938.
903
Calculate the remainder when 28987 is divided by 96.
91
Calculate the remainder when 1098 is divided by 316.
150
What is the remainder when 220911 is divided by 85?
81
What is the remainder when 149582 is divided by 321?
317
What is the remainder when 98006 is divided by 52?
38
Calculate the remainder when 234517 is divided by 46902.
7
Calculate the remainder when 52934 is divided by 827.
6
Calculate the remainder when 37228 is divided by 18605.
18
What is the remainder when 756 is divided by 95?
91
What is the remainder when 13560 is divided by 89?
32
What is the remainder when 189102 is divided by 188?
162
What is the remainder when 560709 is divided by 186894?
27
Calculate the remainder when 3750 is divided by 1243.
21
What is the remainder when 115343 is divided by 6070?
13
What is the remainder when 4478 is divided by 1119?
2
Calculate the remainder when 268066 is divided by 1068.
1066
What is the remainder when 913966 is divided by 91393?
36
What is the remainder when 437330 is divided by 13?
10
Calculate the remainder when 995 is divided by 95.
45
What is the remainder when 1338 is divided by 405?
123
Calculate the remainder when 97488 is divided by 41.
31
What is the remainder when 2865 is divided by 1847?
1018
Calculate the remainder when 1876 is divided by 153.
40
Calculate the remainder when 365 is divided by 38.
23
What is the remainder when 16350 is divided by 920?
710
What is the remainder when 482299 is divided by 76?
3
Calculate the remainder when 134614 is divided by 21.
4
Calculate the remainder when 74179 is divided by 6.
1
What is the remainder when 10996 is divided by 1568?
20
What is the remainder when 17729 is divided by 801?
107
Calculate the remainder when 1594 is divided by 21.
19
What is the remainder when 116456 is divided by 22?
10
What is the remainder when 1749309 is divided by 48?
45
What is the remainder when 3960 is divided by 1254?
198
Calculate the remainder when 7109 is divided by 396.
377
Calculate the remainder when 428083 is divided by 189.
187
What is the remainder when 3088 is divided by 38?
10
Calculate the remainder when 6528 is divided by 1080.
48
What is the remainder when 1782 is divided by 320?
182
Calculate the remainder when 3479 is divided by 1131.
86
What is the remainder when 115563 is divided by 2568?
3
What is the remainder when 24206 is divided by 2420?
6
Calculate the remainder when 365104 is divided by 5.
4
What is the remainder when 5658 is divided by 140?
58
Calculate the remainder when 3249 is divided by 460.
29
What is the remainder when 4361 is divided by 394?
27
What is the remainder when 213632 is divided by 913?
903
Calculate the remainder when 9774 is divided by 30.
24
What is the remainder when 29337 is divided by 755?
647
What is the remainder when 30603 is divided by 266?
13
Calculate the remainder when 240149 is divided by 80049.
2
What is the remainder when 37215 is divided by 3376?
79
Calculate the remainder when 7846 is divided by 106.
2
What is the remainder when 2169 is divided by 56?
41
Calculate the remainder when 12170 is divided by 676.
2
What is the remainder when 30113 is divided by 367?
19
What is the remainder when 219275 is divided by 73081?
32
Calculate the remainder when 18932 is divided by 154.
144
Calculate the remainder when 64226 is divided by 79.
78
Calculate the remainder when 34593 is divided by 49.
48
What is the remainder when 287276 is divided by 210?
206
Calculate the remainder when 42634 is divided by 69.
61
What is the remainder when 6553 is divided by 331?
264
Calculate the remainder when 10151 is divided by 40.
31
What is the remainder when 27876 is divided by 6957?
48
Calculate the remainder when 17862 is divided by 177.
162
Calculate the remainder when 10029 is divided by 79.
75
Calculate the remainder when 641034 is divided by 320514.
6
Calculate the remainder when 249350 is divided by 309.
296
What is the remainder when 997 is divided by 60?
37
Calculate the remainder when 13819 is divided by 122.
33
Calculate the remainder when 17084 is divided by 267.
263
What is the remainder when 28778 is divided by 246?
242
Calculate the remainder when 1775 is divided by 45.
20
What is the remainder when 4682 is divided by 2195?
292
Calculate the remainder when 6169 is divided by 1529.
53
What is the remainder when 4060 is divided by 748?
320
What is the remainder when 72842 is divided by 114?
110
Calculate the remainder when 35988 is divided by 88.
84
Calculate the remainder when 621 is divided by 121.
16
What is the remainder when 54709 is divided by 27074?
561
What is the remainder when 463109 is divided by 975?
959
Calculate the remainder when 4549 is divided by 281.
53
Calculate the remainder when 689517 is divided by 65.
62
What is the remainder when 4817229 is divided by 162?
159
What is the remainder when 1703 is divided by 343?
331
Calculate the remainder when 3588 is divided by 1703.
182
What is the remainder when 11740 is divided by 28?
8
Calculate the remainder when 147199 is divided by 10.
9
Calculate the remainder when 180828 is divided by 79.
76
Calculate the remainder when 246 is divided by 23.
16
Calculate the remainder when 1023 is divided by 566.
457
What is the remainder when 17